{"id":258,"date":"2005-02-16T02:16:56","date_gmt":"2005-02-15T23:16:56","guid":{"rendered":"http:\/\/www.all-things-me.net\/blog\/booklog\/"},"modified":"2025-06-13T23:56:22","modified_gmt":"2025-06-13T20:56:22","slug":"booklog","status":"publish","type":"page","link":"https:\/\/www.all-things-me.net\/blog\/about-me\/booklog","title":{"rendered":"Book log"},"content":{"rendered":"<p><strong>Currently reading<\/strong><br \/>\n(Far too little at the moment, I have to admit. Knackered.)<\/p>\n<ul style=\"list-style-type: none;\"><!--?php wplists_hide_checked(1); ?--><\/ul>\n<h4>2019<\/h4>\n<p>[Dec 18] Stephen King: Doctor Sleep<br \/>\n[Aug 10] Tittamari Marttinen: <em>Nainen joka s\u00f6i napoleonin<\/em><br \/>\n[Apr 20] Helmi Kekkonen: <em>Olipa kerran \u00e4iti<\/em><\/p>\n<h4>2018<\/h4>\n<p>[Feb 19] Timo Honkela: <em>Rauhankone &#8211; Teko\u00e4lytutkijan testamentti<\/em><\/p>\n<h4>2017<\/h4>\n<p>[May 26] John Twelve Hawks: Spark<\/p>\n<h4>2016<\/h4>\n<p>[Sep 3] John Twelve Hawks: The Golden City<\/p>\n<h4>2015<\/h4>\n<p>[Apr 27] Joe Hill: Nos4a2<br \/>\n[xxx yy] John Twelve Hawks: The Golden City<\/p>\n<h4>2014<\/h4>\n<p>[June 27] Neil Gaiman: The Ocean at the End of the Lane<\/p>\n<h4><span style=\"float: right; position: relative;\">Total: 5 books (keeps getting worse&#8230;)<\/span>2013<\/h4>\n<p>[Dec 22] Owen King: Double Feature<br \/>\n[Aug 12] Stephen King: Joyland<br \/>\n[Jul 9] Stephen King: 11.22.63<br \/>\n[Feb 1] John Verdon: Think of a Number<br \/>\n[Jan 7] Neal Stephenson: Reamde<\/p>\n<h4><span style=\"float: right; position: relative;\">Total: only 6 books&#8230;<\/span>2012<\/h4>\n<p>[Aug 9] Stephen King: The Wind Through the Keyhole<br \/>\n[July 29] Peter Franzen: <em>Tumman veden p\u00e4\u00e4ll\u00e4<\/em><br \/>\n[May 7] Paulo Coelho: The Alchemist<br \/>\n[May 2] Kurt Vonnegut: While Mortals Sleep<br \/>\n[Apr 12] Stephen King: Blockade Billy \/ Morality<br \/>\n[Jan 5] Ernest Cline: Ready Player One<\/p>\n<h4><span style=\"float: right; position: relative;\">Total: 11 books (incl. LotR which should count for three)<\/span>2011<\/h4>\n<p>[Dec 31] Susanna Clarke: Jonathan Strange &amp; Mr Norrell<br \/>\n[Nov 23] Phil Schwarzmann: How to Marry a Finnish Girl<br \/>\n[Oct 23] Raymond Khoury: The Templar Salvation<br \/>\n[Oct 8] Henry N. Beard and Douglas C. Kenney: <em>Loru Sorbusten herrasta<\/em> (Bored of the Rings)<br \/>\n[&#8211;] J. R. R. Tolkien: Lord of the Rings<br \/>\n[Sep 26] The Return of the King<br \/>\n[Aug 14] The Two Towers<br \/>\n[June 23] Fellowship of the Ring<br \/>\n[June 27] Stephen King: Under the Dome<br \/>\n[May 5] Hugo and Nebula Award Winners from Asimov&#8217;s Science Fiction (edited by Sheila Williams)<br \/>\n[Apr 6] Kate Mosse: Labyrinth<br \/>\n[Feb 22] Stephen King: Full Dark, No stars<br \/>\n[Jan 26] Michael Byrnes: the Genesis Plague<br \/>\n[Jan 9] Neal Stephenson: Anathem<\/p>\n<h4><span style=\"float: right; position: relative;\">Total: 14 books<\/span>2010<\/h4>\n<p>[Nov 10] David Hewson: Dante&#8217;s Numbers<br \/>\n[Oct 21] Joe Hill: Horns<br \/>\n[Sep 20] Dennis Lehane: Mystic River<br \/>\n[Aug 23] John Connolly: The Gates<br \/>\n[Aug 16] Neil Gaiman: Neverwhere<br \/>\n[Aug 5] Raymond Khoury: Sanctuary<br \/>\n[July 15] Joe Hill: 20th Century Ghosts<br \/>\n[July 1] Scott Smith: The Ruins<br \/>\n[June 20] Raymond Khoury: The Sign<br \/>\n[May 19] Tess Gerritsen: <em>Luutarha<\/em> (The Bone Garden)<br \/>\n[May 11] Doris Lessing: The Golden Notebook<br \/>\n[Feb 16] Richard Dalby (ed.): Vampire Stories<br \/>\n[Jan 29] Virpi H\u00e4meen-Anttila: <em>P\u00e4iv\u00e4nseisaus<\/em><br \/>\n[Jan 21] Barack Obama: Dreams from My Father<\/p>\n<h4><span style=\"float: right; position: relative;\">Total: 14 books<\/span>2009<\/h4>\n<p>[Dec 30] Bill Bryson: Neither here nor there<br \/>\n[Nov 12] Dan Brown: The Lost Symbol<br \/>\n[Oct 25] Stephen Jones (ed.): The Mammoth Book of Best New Horror, Vol. 9<br \/>\n[Oct 16] Yann Martel: Life of Pi<br \/>\n[Oct 4] Kate Atkinson: Case Histories<br \/>\n[Sep 16] Daniel Suarez: Daemon<br \/>\n[Aug 6] Peter Straub: Houses without Doors<br \/>\n[July 19] William Gibson: Pattern Recognition<br \/>\n[July 12] Raymond Khoury: The Last Templar<br \/>\n[June 17] Don Hutchison (ed.): Wild Things Live There &#8211; The Best of Northern Frights<br \/>\n[Mar 18] Stephen King: Just After Sunset<br \/>\n[Feb 10] Upton Sinclair: The Jungle (eBook)<br \/>\n[Jan 21] Peter Haining (ed.): The Armchair Horror Collection<br \/>\n[Jan 18] Sofi Oksanen: <em>Puhdistus<\/em><\/p>\n<p><a title=\"Book log, years 2008 \u00e2\u20ac\u201c 1998\" href=\"http:\/\/www.all-things-me.net\/blog\/about-me\/booklog\/book-log-years-1998-2008\">Years 1998-2008<\/a><\/p>\n<p>** End of Page **<\/p>\n","protected":false},"excerpt":{"rendered":"<p>Currently reading (Far too little at the moment, I have to admit. Knackered.) 2019 [Dec 18] Stephen King: Doctor Sleep [Aug 10] Tittamari Marttinen: Nainen joka s\u00f6i napoleonin [Apr 20] Helmi Kekkonen: Olipa kerran \u00e4iti 2018 [Feb 19] Timo Honkela: Rauhankone &#8211; Teko\u00e4lytutkijan testamentti 2017 [May 26] John Twelve Hawks: Spark 2016 [Sep 3] John [&hellip;]<\/p>\n","protected":false},"author":1,"featured_media":0,"parent":257,"menu_order":1,"comment_status":"closed","ping_status":"closed","template":"","meta":{"footnotes":""},"class_list":["post-258","page","type-page","status-publish","hentry"],"_links":{"self":[{"href":"https:\/\/www.all-things-me.net\/blog\/wp-json\/wp\/v2\/pages\/258","targetHints":{"allow":["GET"]}}],"collection":[{"href":"https:\/\/www.all-things-me.net\/blog\/wp-json\/wp\/v2\/pages"}],"about":[{"href":"https:\/\/www.all-things-me.net\/blog\/wp-json\/wp\/v2\/types\/page"}],"author":[{"embeddable":true,"href":"https:\/\/www.all-things-me.net\/blog\/wp-json\/wp\/v2\/users\/1"}],"replies":[{"embeddable":true,"href":"https:\/\/www.all-things-me.net\/blog\/wp-json\/wp\/v2\/comments?post=258"}],"version-history":[{"count":3,"href":"https:\/\/www.all-things-me.net\/blog\/wp-json\/wp\/v2\/pages\/258\/revisions"}],"predecessor-version":[{"id":2776,"href":"https:\/\/www.all-things-me.net\/blog\/wp-json\/wp\/v2\/pages\/258\/revisions\/2776"}],"up":[{"embeddable":true,"href":"https:\/\/www.all-things-me.net\/blog\/wp-json\/wp\/v2\/pages\/257"}],"wp:attachment":[{"href":"https:\/\/www.all-things-me.net\/blog\/wp-json\/wp\/v2\/media?parent=258"}],"curies":[{"name":"wp","href":"https:\/\/api.w.org\/{rel}","templated":true}]}}